 be v(3). Let q = -3 + c. Let i = q + -2. List the prime factors of i.
2
Let x(b) = 14*b**2 - 1. List the prime factors of x(1).
13
Suppose -2*q + 4*w + 88 = 0, 5*q + 0*q - 290 = -4*w. List the prime factors of q.
2, 3
Let l(a) = -a**3 + 4*a**2 + 6*a - 2. Let q(t) = -2*t - 10. Let o be q(-7). What are the prime factors of l(o)?
2, 11
Let r = 146 + -82. Suppose -4*i + 0*i = -r. What are the prime factors of i?
2
Let b = 6 + 5. What are the prime factors of b?
11
Let v(o) = 4*o**2 - 7*o + 2. Let h(u) = -u**2 - u + 1. Let s(j) = -3*h(j) - v(j). Let b be (0 + -2)*(-9)/2. What are the prime factors of s(b)?
2
Suppose -23*m + 28*m - 870 = 0. List the prime factors of m.
2, 3, 29
Let u(n) = -7*n + 2*n + 4*n. Suppose 0 = 4*j - 6*x + 3*x + 13, 0 = 4*j + 2*x + 18. What are the prime factors of u(j)?
2
Let j be (-3 + 7)/(8/(-12)). List the prime factors of (72/(-14))/(j/42).
2, 3
Let r(g) = -g**3 - 21*g**2 - 15*g - 20. What are the prime factors of r(-21)?
5, 59
What are the prime factors of 43 + (2 - 0)*-1?
41
Suppose -1 + 7 = 2*p. Suppose -p*r - r = -20. What are the prime factors of r?
5
Let v = -374 - -596. List the prime factors of v.
2, 3, 37
Suppose -b = -5, -2*h + 5*h + 2*b = -11. Let f(o) = o**2 + 3*o + 8. List the prime factors of f(h).
2, 3
Let h(t) be the second derivative of -13*t**3/6 - 7*t**2/2 + 7*t. List the prime factors of h(-5).
2, 29
Let j = 3 + 0. Suppose -5*u = -2*i + 12, 3*i + j*u = u + 37. List the prime factors of i.
11
Let w be (-6)/9*9/(-2). What are the prime factors of (-1)/w + 172/12?
2, 7
Let a be -1 - (1 + -3)/2. Suppose a = 2*v - 0*u + 3*u + 3, 2*u + 6 = 0. Suppose -5*x = 4*l - 16, v*l = -l - 4*x + 20. List the prime factors of l.
3
Let z(t) be the third derivative of t**4/12 - 11*t**3/6 + 7*t**2. List the prime factors of z(9).
7
Let d be (7 + -6)/(1/43). Let b = -29 + d. What are the prime factors of b?
2, 7
Let x be 68/(-6) + 8/(-12). Suppose 1 = -2*p - 43. Let u = x - p. List the prime factors of u.
2, 5
List the prime factors of 3 - (-4)/((-12)/(-69)).
2, 13
Let z = -19 + 22. Suppose z*x = -4*x + 168. List the prime factors of x.
2, 3
Suppose -4*u = -6*u + 66. What are the prime factors of u?
3, 11
Let y = -88 + 198. Suppose y - 10 = 4*q. What are the prime factors of q?
5
Let p = -2 - -5. Suppose -p*n - n + 16 = 0. Suppose -n*s - s - 3*l = -25, 4*s - l - 3 = 0. List the prime factors of s.
2
Suppose 0 = -0*m - 3*m + 51. Suppose -5*s + 2*l - m = 0, 12 = -5*s - l - 2*l. List the prime factors of 1 + 0 - s/1.
2
Let s = -6 - -8. Let t = s + 2. List the prime factors of t.
2
Let l = -32 + 99. What are the prime factors of l?
67
Suppose -1283 = -5*y - 78. What are the prime factors of y?
241
Suppose 6*v - 1 = 7*v. Suppose f = 2*q - 9, 7*q = 4*q - 4*f + 8. Let r = v + q. List the prime factors of r.
3
Let q(m) = -m**3 + 8*m**2 - 9*m - 6. Let t be q(7). Suppose -4*c + 140 - 24 = 0. Let g = c + t. What are the prime factors of g?
3
List the prime factors of (-79)/(-4) - 3/(-12).
2, 5
Let d be 16/(-4)*(-3)/(-4). What are the prime factors of (22 - (2 - 1)) + d?
2, 3
Let l(g) be the first derivative of -g**4/4 + 5*g**3/3 + 4*g**2 - 5*g - 1. What are the prime factors of l(5)?
5, 7
Let c be 0 + -3 + (-4 - -1). Let l be (-2)/4 + 9/c. Let o = 14 - l. What are the prime factors of o?
2
Let n(p) = p**2 - p - 3. Let z be n(3). List the prime factors of 3 - 0 - z/3.
2
Let p be (-1)/3 - 30/(-9). List the prime factors of (-1)/p + (-183)/(-9).
2, 5
Let f be ((-6)/4 - -1)*-152. Let m = f - 46. List the prime factors of m.
2, 3, 5
Let g = 3 + -5. Let l(t) = -t. List the prime factors of l(g).
2
Suppose -3*s = 4*b - 179, -b + 15 = -2*s + 116. List the prime factors of s.
53
What are the prime factors of 1*(-2)/(-6)*9?
3
Suppose 4*q - 81 - 413 = 5*n, 3*q - 368 = 5*n. List the prime factors of q.
2, 3, 7
Suppose 272 = 7*l - 302. List the prime factors of l.
2, 41
Let c = -60 + 33. Let u be -4*(c/6)/3. Let a(g) = -g**3 + 6*g**2 + 3*g - 8. List the prime factors of a(u).
2, 5
Let j be 37/3 - (-2)/(-6). List the prime factors of (j*1)/((-3)/(-2)).
2
Let o = -10 - -17. Suppose -o - 9 = -d + 2*f, -38 = -2*d - 2*f. List the prime factors of d.
2, 3
List the prime factors of (-1659)/(11 - 4)*1/(-3).
79
Suppose -1 = p - 3. Suppose 3*x = -p*x + 30. Let q = x + 4. List the prime factors of q.
2, 5
List the prime factors of (-2330)/(-16) + (-3)/(-8).
2, 73
Suppose -n = 2*f - 65, 5*n - 292 = -5*f + 48. Let b = -9 + 14. Suppose b*m - n = -16. List the prime factors of m.
11
Let n = -6 - -10. Let y = -18 + n. Let g = -4 - y. List the prime factors of g.
2, 5
Let n(f) = -f + 7. Let x be n(-5). Let r = x - -9. List the prime factors of 14/r - (-49)/3.
17
Suppose 38 = 5*t - 52. Let w = -9 + t. What are the prime factors of w?
3
Suppose 8*s = -0*s + 112. What are the prime factors of s?
2, 7
List the prime factors of 108/(-8)*(-12)/9.
2, 3
Suppose 4*o + 2 = 6. Suppose -2 = n + o. What are the prime factors of 11 + 3 + 1 + n?
2, 3
Let v be ((-2)/4)/((-2)/(-376)). Let i = -48 - v. What are the prime factors of i?
2, 23
Let n be -25*(1 - 14/10). Suppose -2*f - n - 16 = -4*k, k - 4*f - 24 = 0. List the prime factors of k.
2
Let u(x) = -25*x**3. List the prime factors of u(-1).
5
Let c be (-2)/4 - 5/2. Let b(r) = r. Let z be b(-6). What are the prime factors of (-62)/z - 2/c?
11
Let o(t) = -t**2 + t + 20. List the prime factors of o(0).
2, 5
Let m(j) = -j**2 - 5*j - 7. Let r be m(-3). What are the prime factors of 1/r + 5 + 55?
59
List the prime factors of (-21)/(-4) - 48/(-64).
2, 3
List the prime factors of ((-5)/(-1))/(7/238).
2, 5, 17
What are the prime factors of (-102)/4*(-52)/6?
13, 17
Suppose -q + 6 + 24 = 0. Suppose 0*d = -5*d + q. List the prime factors of d.
2, 3
Let y(p) = 42*p + p**2 - 38*p - p**3 - 1 - 2*p**2 + 8*p**2. List the prime factors of y(7).
3
Suppose -2*u + 128 = -0*u + 4*o, 0 = -3*o + 3. List the prime factors of u.
2, 31
Let q = 28 - 11. Let f(s) = -s**3 + 19*s**2 + 19*s + 14. Let z be f(20). Let w = z + q. What are the prime factors of w?
11
Let k = 231 + -138. What are the prime factors of k?
3, 31
Suppose 4*o - 121 = f, -5*o + 3*o - 4*f + 38 = 0. List the prime factors of o.
29
Suppose 0 = 2*k + 3*k. Suppose -v - 3*t + 23 - 4 = k, -v + 5*t = 21. What are the prime factors of v?
2
Let u(w) = w**3 + 2*w**2 + 2. Suppose -4*t = -l - 7, 3*t - l - 5 = -0*l. Let p be u(t). Suppose 3*s + 2*a = p, 19 = s + 3*a + 2*a. List the prime factors of s.
2
Suppose -9 = -h - 5*b + 7, 0 = h + b. Let n(k) = -k**3 - 5*k**2 - 5*k + 2. What are the prime factors of n(h)?
2, 3
List the prime factors of (-2208)/(-36) + 2/3.
2, 31
Let w(c) = -c + 12. Let y be w(10). Suppose -m + 3 = -y*k, -k = m + 3*m + 15. List the prime factors of 153/12 + k/(-12).
13
Let x be (-38)/9 - 4/(-18). Let g = 10 + x. List the prime factors of g.
2, 3
Suppose -48 = -2*x + x. Suppose -6*t + x = -2*t. What are the prime factors of t?
2, 3
Suppose -i + 18 = 2*z - 8, -5*z - 91 = -4*i. List the prime factors of i.
2, 3
Let b be 1/2 + (-17)/2. Let f be 1/(2*(-2)/b). Suppose 3*p + f = 11, -3*p = -5*z + 6. List the prime factors of z.
3
Let i(r) = r**3 + 6*r**2 + 4*r - 1. Let v be i(-5). Let o(f) = f**3 - 3*f**2 - 3*f - 2. Let h be o(v). List the prime factors of (h/(-3))/((-2)/12).
2
Let n(u) be the first derivative of u**3/3 - 5*u**2/2 - 7*u - 1. Let k be n(-6). Suppose -k = -5*i - 4. What are the prime factors of i?
11
Suppose -3*w - 62 = -317. What are the prime factors of w?
5, 17
Let s = 19 - 29. Let h be s/((5/2)/5). What are the prime factors of h/25*(-5)/2?
2
Let q(k) = k**2 + 2*k + 6. List the prime factors of q(14).
2, 5, 23
Let s(f) = -f - 13. Let w be s(-4). Let m = w + 40. List the prime factors of m.
31
Let d(s) = 3*s**2 - 12. What are the prime factors of d(-4)?
2, 3
Let g = 108 - 60. What are the prime factors of g?
2, 3
Let p = 167 + -113. List the prime factors of p.
2, 3
Let d be -1*(-3)/6*18. What are the prime factors of ((-6)/d)/(4/(-126))?
3, 7
Suppose 0*c - 2*c - 12 = 0. Let v = -1 - c. Suppose v*n + 3*j - 15 = 0, -n + 21 = -0*j - 3*j. List the prime factors of n.
2, 3
Let l be (-6)/(-10) - (-7)/5. Let f(v) = l + 3*v + 2*v + v**2 - 4*v. What are the prime factors of f(-2)?
2
Let i(g) = -g**3 - g + 1. Let m be (-7)/4 - (-1)/(-4). Let q be i(m). Suppose -n + q =